 - 37*x + 2. What is l(-4)?
54
Let v(g) = g**3 + 34*g**2 - 40*g - 164. Give v(-35).
11
Let a(v) = 16*v**2 + 18*v - 22. Calculate a(-2).
6
Let j(v) = v**3 - 9*v**2 - 87*v + 248. Determine j(14).
10
Let k(q) = -246*q - 202. What is k(-2)?
290
Let h(k) = 37*k + 100. What is h(-15)?
-455
Let c(v) = 24*v + 299. Give c(-13).
-13
Let f(g) = -g**3 + 11*g**2 + 25*g + 16. Determine f(-4).
156
Let w(f) = f**3 - 10*f**2 - 17*f + 47. Give w(11).
-19
Let s(d) = -4*d**2 - 168*d - 152. Calculate s(-41).
12
Let y(k) = -12*k - 562. Calculate y(-44).
-34
Let n(r) = -103*r + 802. Calculate n(10).
-228
Let o(v) = 3*v**2 + 183*v - 378. Determine o(-63).
0
Let l(p) = -104*p**3 + 4*p**2 - 2*p - 5. Determine l(-1).
105
Let f(g) = -g**2 + 92*g + 1994. Calculate f(-18).
14
Let h(f) = -f**3 - 7*f**2 - 390*f - 3179. Give h(-8).
5
Let v(m) = -197*m + 220. What is v(1)?
23
Let x(i) = 62*i - 2546. Determine x(41).
-4
Let q(h) = 195*h**2 - 7024*h + 145. Calculate q(36).
1
Let c(z) = 8*z - 14. What is c(-2)?
-30
Let t(c) = -c**3 - 4*c**2 + 41*c - 19. Give t(6).
-133
Let c(l) = -13*l**2 + 11*l - 22. Determine c(5).
-292
Let y(f) = f**2 - 24*f + 127. Calculate y(21).
64
Let q(r) = 2*r**3 + 4*r**2 - 97*r - 201. What is q(-2)?
-7
Let j(t) = t**2 + 43*t + 492. Determine j(-29).
86
Let c(r) = 34*r - 2749. Give c(81).
5
Let x(k) = -28*k - 405. Calculate x(-16).
43
Let n(d) = 57*d + 588. Calculate n(-9).
75
Let c(t) = 6*t + 322. Calculate c(-63).
-56
Let k(p) = -3*p - 67. What is k(26)?
-145
Let n(u) = -54*u - 1835. Determine n(-34).
1
Let u(o) = o**2 - 14*o + 123. Determine u(12).
99
Let v(f) = -115*f + 817. Give v(6).
127
Let q(l) = 102*l + 3103. Determine q(-31).
-59
Let k(r) = r**3 - 45*r**2 - 62*r + 2768. Calculate k(45).
-22
Let r(m) = -4*m**2 + 187*m - 1139. Calculate r(6).
-161
Let g(d) = -d**2 - 10*d + 109. What is g(-19)?
-62
Let q(y) = -1363*y - 21808. Give q(-16).
0
Let k(p) = 85*p + 15981. Calculate k(-188).
1
Let z(x) = x**2 - 25*x - 291. Determine z(-8).
-27
Let q(k) = 5*k + 11. Give q(-13).
-54
Let r(i) = i**3 + 52*i**2 - 276*i + 4166. Calculate r(-58).
-10
Let x(i) = -i**2 + 66*i + 392. What is x(72)?
-40
Let x(v) = -v**3 - 107*v**2 - 37*v + 7309. Determine x(-106).
-5
Let v(o) = 25*o - 873. What is v(35)?
2
Let n(t) = -t**3 + 9*t**2 - 10*t - 61. Give n(6).
-13
Let o(y) = y**2 - 16*y + 46. Determine o(6).
-14
Let m(f) = -4*f**2 - 256*f + 1678. Calculate m(-70).
-2
Let x(o) = 1928*o + 59784. Give x(-31).
16
Let s(a) = -a**2 - 2889*a + 2892. Determine s(1).
2
Let q(y) = -298*y - 2445. Give q(-8).
-61
Let f(q) = 11*q**2 + 7*q - 3. Give f(-4).
145
Let h(t) = -8*t**2 + 137*t + 1257. What is h(24)?
-63
Let b(s) = -s**2 + 8*s + 230. Give b(-26).
-654
Let l(z) = -4*z + 65. Calculate l(17).
-3
Let p(d) = -d**2 + 12*d + 8. What is p(13)?
-5
Let v(m) = 9*m**2 - 49*m - 26. Give v(6).
4
Let d(c) = -c**2 - 91*c - 786. Calculate d(-82).
-48
Let l(o) = 355*o + 11358. Determine l(-32).
-2
Let c(l) = -l**2 + 68*l + 449. Give c(-6).
5
Let d(f) = 771*f - 37778. Give d(49).
1
Let m(r) = -r**3 + 49*r**2 + 96*r + 300. Calculate m(51).
-6
Let a(p) = -2*p**3 + 186*p**2 - 364*p + 407. Give a(91).
407
Let c(m) = 2*m**3 + 47*m**2 + 248*m - 101. Determine c(-15).
4
Let c(j) = -j**2 + 91*j + 182. Give c(-2).
-4
Let r(u) = u**3 - 18*u**2 + 71*u - 64. Calculate r(13).
14
Let u(o) = -o**3 + 26*o**2 - 5*o - 622. Determine u(25).
-122
Let k(w) = -31*w**2 + 14*w + 36. Give k(-5).
-809
Let n(o) = 11*o**3 - 206*o**2 + 206*o. Calculate n(1).
11
Let v(d) = 2*d**3 + 86*d**2 - 4*d - 180. What is v(-43)?
-8
Let g(x) = -4*x + 65. Calculate g(26).
-39
Let y(p) = -2*p**3 - 2*p**2 + 15*p + 39. What is y(-6)?
309
Let c(b) = -15*b**2 - 73*b + 9. Give c(-5).
-1
Let f(s) = 2*s**3 + 7*s**2 - 2*s. Give f(1).
7
Let i(t) = t**2 + 24*t - 300. Determine i(10).
40
Let d(q) = -3*q**2 - 27*q + 28. Determine d(1).
-2
Let c(w) = -w**3 - 7*w**2 + 30*w + 118. What is c(-4)?
-50
Let d(u) = 3*u**3 - 16*u**2 - 12*u - 12. Give d(6).
-12
Let i(p) = 3*p - 61. What is i(22)?
5
Let x(i) = 256*i - 2279. Calculate x(9).
25
Let p(l) = 187*l - 81. Determine p(2).
293
Let r(z) = z**2 + 156*z + 1488. Calculate r(-10).
28
Let n(p) = p**2 + 17*p - 1409. Give n(-47).
1
Let f(c) = -504*c + 74598. Calculate f(148).
6
Let g(h) = 1478*h - 29565. Calculate g(20).
-5
Let g(v) = -v**3 - 12*v**2 - 13*v + 98. Determine g(-6).
-40
Let c(v) = -18*v**2 + 15*v + 38. Give c(-2).
-64
Let q(n) = 73*n + 432. Give q(-6).
-6
Let i(a) = 2*a**3 + 37*a**2 + 43*a - 125. Determine i(-17).
11
Let i(v) = -4*v - 5. Determine i(24).
-101
Let t(h) = h**3 - 7*h**2 - 18*h - 35. Determine t(9).
-35
Let f(d) = 101*d - 4995. Calculate f(51).
156
Let o(g) = g**2 - 52*g - 472. Determine o(-8).
8
Let n(c) = c**2 + 502*c + 1508. What is n(-3)?
11
Let w(p) = p**2 - 133*p - 681. Give w(-5).
9
Let i(d) = -4*d**3 - 34*d**2 + 441*d - 45. Calculate i(7).
4
Let s(z) = -z**3 + 4*z**2 + 95*z - 491. What is s(6)?
7
Let m(p) = 62*p + 549. Determine m(-9).
-9
Let f(h) = -11*h**2 + 447*h + 118. What is f(41)?
-46
Let z(l) = l**3 - 23*l**2 - 74*l + 139. Determine z(-4).
3
Let k(h) = -82*h + 322. Determine k(3).
76
Let x(h) = -h**3 - 106*h**2 - 598*h + 321. Determine x(-100).
121
Let b(f) = f**3 + 58*f**2 + 840*f + 93. What is b(-31)?
0
Let g(v) = -3*v**2 + 68*v + 55. Calculate g(24).
-41
Let p(g) = -15*g - 30. Give p(-6).
60
Let x(p) = 52*p**2 - 38*p + 79. What is x(2)?
211
Let i(b) = 3*b**3 + 12*b**2 + 1. What is i(-5)?
-74
Let r(z) = -z**3 + 9*z**2 - 7*z + 87. What is r(9)?
24
Let l(u) = u**3 - 31*u**2 + 30*u + 21. What is l(30)?
21
Let g(a) = 29*a - 227. Give g(8).
5
Let h(k) = -k**2 + 26*k - 94. Determine h(17).
59
Let z(b) = -22*b - 1779. Calculate z(-81).
3
Let u(r) = -r**3 - 14*r**2 + 23*r + 173. Calculate u(-15).
53
Let x(g) = -2*g**2 + 2*g - 12. What is x(-3)?
-36
Let p(x) = -x + 2. Determine p(1).
1
Let g(k) = 892*k - 40143. Give g(45).
-3
Let r(b) = -117*b + 557. What is r(5)?
-28
Let w(y) = -82*y - 172. Give w(-2).
-8
Let n(l) = 6*l**2 - 220*l - 817. Calculate n(40).
-17
Let k(q) = 683*q + 669. Calculate k(-1).
-14
Let q(c) = -424*c - 8028. Calculate q(-19).
28
Let m(f) = -2*f**2 - 59*f - 145. What is m(-27)?
-10
Let v(i) = -11*i**2 + 350*i - 1173. Calculate v(28).
3
Let a(c) = 2*c**3 - 75*c**2 - 200*c + 36. Calculate a(40).
36
Let x(m) = m**3 - 2*m**2 - 70*m + 361. Determine x(6).
85
Let w(b) = -8*b - 18. Determine w(4).
-50
Let p(h) = -h**3 - 4*h**2 - 11*h + 104. Give p(6).
-322
Let l(j) = -598*j + 100459. Calculate l(168).
-5
Let k(b) = -4*b**2 - 55*b + 907. Calculate k(12).
-329
Let n(s) = 145*s - 133. Calculate n(1).
12
Let s(o) = -3*o**2 + 188*o - 467. Determine s(60).
13
Let q(u) = -u**2 - 16*u - 15. Determine q(-12).
33
Let t(p) = 15*p**2 + 215*p + 766. Determine t(-8).
6
Let t(s) = -s**3 + 46*s**2 - 92*s + 192. Determine t(44).
16
Let q(r) = -r**2 - 14*r - 20. Determine q(-2).
4
Let t(q) = 68*q + 11891. Calculate t(-175).
-9
Let b(z) = 4*z**2 - 372*z - 1167. What is b(96)?
-15
Let u(m) = -m**2 + 27*m + 13. Determine u(13).
195
Let m(n) = n**2 - 2309*n + 4615. What is m(2)?
1
Let s(n) = 4*n**2 - 29*n - 228. Give s(-5).
17
Let v(s) = -3*s**2 - 179*s - 300. Calculate v(-58).
-10
Let r(p) = 17*p + 63. Calculate r(-3).
12
Let t(v) = -205*v + 138. What is t(1)?
-67
Let b(r) = 165*r - 639. What is b(5)?
186
Let s(y) = -4501*y + 81020. Determine s(18).
2
Let t(c) = -c**3 + 13*c**2 + 16*c - 232. Calculate t(13).
-24
Let x(t) = -t**3 - 3*t**2 + 3*t + 9. Determine x(-2).
-1
Let g(m) = m**2 - 2*m + 132. Calculate g(0).
132
Let s(v) = v**3 - 12*v**2 + 2*v + 19. Give s(0).
19
Let t(p) = -3*p**2 + 8*p + 96. Calculate t(-13).
-515
Let n(r) = -r**2 + 18*r - 60. Determine n(12).
12
Let z(y) = -3*y**2 + 162*y - 711. Calculate z(48).
153
Let p(t) = t**2 - 31*t + 219. What is p(12)?
-9
Let g(j) = 2729*j - 19102. Calculate g(7).
1
Let j(m) = m**3 + 9*m**2 - 20*m + 38. What is j(-11)?
16
Let b(l) = -l**2 - 44*l + 142. Determine b(3).
1
Let u(a) = -123*a**2 + 86*a - 5. Determine u(2).
-325
Let z(c) = -c**2 - 2*c + 119. What is z(-14)?
-49
Let x(y) = y**2 + 20*y + 71. Determine x(-13).
-20
Let a(r) = -5*r**2 - 153*r - 68. Calculate a(-30).
22
Let x(b) = -730*b + 13133. Calculate x(18).
-7
Let w(h) = -4*h**3 + 182*h**2 - 88*h - 63. Calculate w(45).
27
Let t(n) = -25*n + 165. Give t(9).
-60
Let b(s)